*3 - l**2 + 1. Suppose 9*z - 728 + 719 = 0. Determine x(z).
7
Let g(m) = m**3 + m. Let t(p) = 2*p**2 + 2*p + 3. Let l(j) = -3*j + 37. Let h be l(12). Let y(b) = h*t(b) + 2*g(b). Give y(-2).
-13
Let t = -153 - -158. Let d = 3 - 0. Let k(o) = -t + 6*o + o**d + 0*o**2 + 5*o**2 - 15*o. Give k(-6).
13
Let q be (-16)/72 - 6/(-27). Suppose t + d = 10, -2*t - 3*t - 2*d + 38 = q. Let m(f) = -f**2 + 1 + 6 - t. Determine m(-1).
0
Suppose 5*g = -24*g - 203. Let s(t) = t**2 + 5*t - 9. What is s(g)?
5
Let l(c) = 2*c + 3. Let h = -37 - -33. Let m be l(h). Let q(s) = -s + 1. Determine q(m).
6
Let a(k) = 11*k**3 + 2*k**2 - 5*k + 4. Let n(p) = 2*p**3 - p + 1. Let j(f) = a(f) - 5*n(f). Let h be 3 + -3 - (-1)/(-1). Calculate j(h).
0
Let s(z) = z**3 - 4*z**2 - 14*z - 51. Let f be s(7). Let q(o) = 5*o + 1. Calculate q(f).
-9
Let d(b) = -b**3 + 4*b**2. Suppose f - 7 = 4*f + 4*l, -2*f + 5*l = -26. Suppose -6*j + 3*j + 15 = f*q, 4*j - 2*q = 20. Suppose -j*n + 18 = n. What is d(n)?
9
Let m(r) = r**2 - 3*r - 5. Suppose 2*p + 30 = 5*p. Suppose -o = 4*u - p, u = -o - 0 + 4. Suppose i = 4*c - 21, -o*c - 5*i + 14 + 13 = 0. Determine m(c).
13
Let f(b) = -b**3 + b**2 + b - 1. Let g(p) = 3*p**3 - 14*p**2 - 13*p + 4. Let c(r) = -4*f(r) - g(r). Determine c(-9).
0
Let q = -106 + 221. Let j = q + -109. Let x(b) = b**3 - 7*b**2 + 4*b + 2. Determine x(j).
-10
Let h(c) = 2*c**2 - c - 1. Let r(i) = -2*i - 7. Let v be r(-3). Let x be v/((-4)/(-40)*-2). Suppose x = -y + 7. Determine h(y).
5
Let o be 2*((-20)/(-5) - 12). Let m be (((-8)/o)/(2/(-40)))/(-2). Let s(v) = -2*v - 2. What is s(m)?
-12
Let g(k) = k**3 - 5*k**2 - 7. Let q be g(5). Let z = q + 11. Let o(p) = -p**2 + 6*p - 2. Determine o(z).
6
Suppose 0 = -7*d + 4*d + 9. Suppose -12 = -4*k + o - 6*o, -4*k - d*o + 4 = 0. Let x(q) be the third derivative of 5*q**4/24 - q**3/6 + 848*q**2. Calculate x(k).
-11
Let c(k) be the first derivative of k**3/3 - 7*k**2 + 7*k + 107. What is c(14)?
7
Let m(o) be the first derivative of 2*o + 37 + o**2 - 1/3*o**3. Suppose 0 = -2*x + u + 11, -2 = 2*x + 3*u - 1. Give m(x).
-6
Let k(f) = 2*f - 7. Let j(i) = -i**2 - 9*i - 11. Let w be j(-8). Let a(v) = 5 + 2 - 4 - v + 1. Let n(u) = w*k(u) - 5*a(u). Determine n(4).
-3
Let v(f) = f**2 - f. Let p be ((-6)/(-2))/(3/(-15)). Let x = p - -16. Let n(w) = -w**2 + 7*w - 1. Let i(j) = x*n(j) + 5*v(j). What is i(1)?
5
Let o(q) be the second derivative of -q**5/20 - 2*q**4/3 + 4*q**3/3 - 13*q**2/2 - q + 18. What is o(-9)?
-4
Let a = -4 - -12. Let t(w) be the second derivative of w**3/6 - 15*w**2/2 - 1046*w. Give t(a).
-7
Let x(r) be the third derivative of -r**4/8 + r**2. Suppose -2*q + 5*d = -13, 2*q - d - 7 = -6. Determine x(q).
3
Let d(l) = -l - 1. Let s be (-4 + 1)*(-15)/9. Let k(r) = -5*r**2 - 15*r - 6*r + r**3 - 11*r + 31*r. Let b be k(s). Calculate d(b).
4
Let w(d) = d + 1. Let u(n) = n. Suppose 4*a - c + 6 = 0, -4*a + 2*c = 4*c. Let z(v) = a*u(v) + 2*w(v). What is z(5)?
7
Let l be 1 + (0 - -1 - 9). Let m(v) be the third derivative of -v**6/120 - 7*v**5/60 + v**4/12 + 5*v**3/3 + 118*v**2. What is m(l)?
-4
Let f(z) = -z**2 + 6*z - 3. Suppose -10*l + 65 = 3*l. Give f(l).
2
Let g(q) = -8*q**3 + 2*q**2 + 2*q + 1. Let u be g(-1). Let y(h) be the first derivative of -h**4/4 + 3*h**3 - 2*h + 276. What is y(u)?
-2
Let x(a) = a**3 - 5*a**2 + 3*a - 2. Let g = 5 + -1. Let i = g - 0. Determine x(i).
-6
Let a(q) = 2*q + 7*q**3 - 2*q + 4*q + 3 - 2*q**2. Let i(w) = 10*w**3 - 3*w**2 + 6*w + 4. Suppose -5*z + z - 20 = 0. Let u(p) = z*i(p) + 7*a(p). Determine u(2).
-7
Let c = -699 + 697. Let n(d) be the third derivative of -d**6/120 - d**5/30 + d**4/24 + d**3/6 - 3*d**2. Determine n(c).
-1
Let n(p) = -p**2 - 4*p - 11. Let x(y) = -y + 1. Suppose 7 = -3*k - 4*k. Let d(o) = k*n(o) - 5*x(o). Determine d(-6).
-12
Let o(f) = 5*f - 12. Let b(q) = 161*q - 321. Let v be b(2). Calculate o(v).
-7
Let t(d) = 3*d + 7. Let m = -517 + 515. Calculate t(m).
1
Let r(o) be the first derivative of -o**4/4 - o**3 + 5*o**2 - o + 44. What is r(-5)?
-1
Let m be (3/6)/((-1)/26). Let c(u) = u**2 + 13*u - 7. Let r be c(m). Let t(n) = -n**3 - 6*n**2 + 7*n - 9. Determine t(r).
-9
Let u be -3 - (4/(-6))/(4/246). Suppose -u + 3 = -7*d. Let b(h) = 2*h**2 - 7*h + 5. What is b(d)?
20
Suppose m = -2*m + 15. Suppose m*d - 3*n = -13, -37 = 5*d - 3*n + 6*n. Let u(r) = -r**3 - 6*r**2 + 3. Let l(p) = -p + 1. Let c(i) = -4*l(i) - u(i). Give c(d).
-2
Let o(h) = -h + 8. Suppose -5*z = -0*z + 275. Let q = -39 - z. Suppose -7*v + 3*v + q = 0. What is o(v)?
4
Suppose -11*o - 25*o = 144. Let a(g) = -2*g**2 - 5*g + 13. Calculate a(o).
1
Let d(j) = 22*j - 2 + 2 + 1. Let w(y) = -5*y**2 + 36*y - 6. Let u be w(7). Determine d(u).
23
Suppose 2*s + 2*v = s - 5, -5*v + 10 = 0. Let u(k) = -k**2 - 9*k - 12. Give u(s).
-12
Suppose -3*f + 16 = -2*n, -f - 20 = -6*f. Let p(t) = 13*t. Let x(b) = -2*b. Let v(w) = -p(w) - 6*x(w). What is v(n)?
2
Let y(a) = -7*a**3 - 3*a**2 + 7*a + 1. Let n(x) = 6*x**3 + 4*x**2 - 6*x. Let l(c) = 6*n(c) + 5*y(c). Determine l(-9).
14
Let t(i) be the third derivative of -i**7/5040 - i**6/72 - i**5/60 + 2*i**2. Let f(b) be the third derivative of t(b). Suppose 0*o + 15 = -3*o. Calculate f(o).
-5
Suppose 3*k = -9, -24*v - 6 = -22*v - 4*k. Let c(o) = -o**3 - 11*o**2 - 12*o + 10. Give c(v).
-44
Suppose 80*q = 74*q + 24. Let h(m) = -5 - q + 11 - m - 8. Determine h(-3).
-3
Let o(x) be the first derivative of 1/120*x**5 - 4/3*x**3 - 5 + 1/12*x**4 + 0*x + 0*x**2. Let d(a) be the third derivative of o(a). Give d(-4).
-2
Let a(w) = -134 + 41 + w + 52 + 63. Determine a(-15).
7
Let d(a) = 22*a - 70. Let g(y) = -15*y + 48. Let l(p) = -7*d(p) - 10*g(p). Determine l(4).
-6
Let c(k) = k**3 + 8*k**2 + 4. Let o(s) = -9*s**3 - s**2 + 8*s + 2. Let w be o(-3). Suppose w = -20*g + 52. Calculate c(g).
4
Let j be (-3 + 5)*(-4 - (-388)/8). Let t(q) = 93*q + q**3 + 3*q**2 + 2 - j*q + 2. What is t(-3)?
-8
Let u(k) = -2*k**2 + 12*k + 4. Let w be u(6). Suppose 4 = -w*x - 16. Let r(c) = -23*c - 18. Let m(o) = -8*o - 6. Let i(z) = 17*m(z) - 6*r(z). Determine i(x).
-4
Suppose -2*r + 17 - 5 = 4*w, 0 = -4*w - r + 16. Let u(p) = -8 - p - w + 0*p + 2*p. What is u(6)?
-7
Suppose 0*g = -2*g + 5*m, 0 = 5*g - 2*m. Let w be (g + -2 + -8)/(-2). Let p(u) be the first derivative of -3*u**2/2 + 5*u - 2. Determine p(w).
-10
Let f(x) be the first derivative of x**2/2 + 2*x - 3. Let l be (-34)/(-323) + 78/(-19). What is f(l)?
-2
Let u(a) = 2*a - 4. Let x = -71 - -68. Give u(x).
-10
Let v(w) = w + 7. Let r be v(-5). Let m(b) be the first derivative of -9 - 1/2*b**2 + 0*b. Calculate m(r).
-2
Suppose 5*c - 24 = k + k, 4*c + 2*k = 12. Let g(h) = 2*h**3 + h**2 - h - 2. Let b(i) = -11*i**3 - i**2 + 7*i + 9. Let p(q) = -b(q) - 5*g(q). Give p(c).
-7
Let v(t) be the first derivative of -t**3/3 + 4*t**2 + 15*t + 113. What is v(9)?
6
Suppose -2*m - 5*q - 6 = 0, 0*m + 12 = -4*m - 5*q. Let x = 17 - 13. Let i(z) = -x*z + 5*z - 3*z. Give i(m).
6
Let s(j) = -2*j**2 + 4*j. Suppose v + 3*a = -v - 6, 2*a = -4*v - 20. Let i be v/2 + (16 - -2). Suppose -9 = -3*t + 2*f - 0*f, 5*t - 4*f = i. What is s(t)?
-6
Let s(c) = -8*c**3 + 5*c**2 - 5. Let m(d) = -14*d**3 + 9*d**2 - 9. Let j(q) = -6*m(q) + 11*s(q). What is j(1)?
-4
Let f be (30/35)/(-3) + 72/7. Let p(w) = -w**3 + 10*w**2 - w + 15. What is p(f)?
5
Let q(m) = -m - 3. Let d(y) = -4*y + 1. Let c(a) = 3*d(a) - 2*q(a). Determine c(2).
-11
Let s(o) be the third derivative of -o**5/60 + 3*o**4/8 - o**3 + o**2. Suppose -474*f - 119 = -491*f. Give s(f).
8
Let t(i) = -i**3 + 8*i**2 - 5*i - 9. Suppose -2*p - 1 = -5*q, 0 = 4*p - q + 5*q - 40. Give t(p).
5
Suppose 0 = 56*h + 12*h - 68. Let q(p) = 12*p**3 - p**2 + 2*p - 1. Calculate q(h).
12
Let a(q) be the second derivative of 1/12*q**4 - 3*q**2 - 4*q + 0 + q**3. Suppose -5*l - 30 = -0*l. Determine a(l).
-6
Suppose 210 = 839*s - 824*s. Let r(z) = -z + 34. Give r(s).
20
Let w = -2 + 8. Suppose 0 = 4*c + 5*z + 2, -c + 5*z = -w*c. Let j(l) = 5*l - 2. Calculate j(c).
8
Suppose 4*m = -m + 5*a - 15, 8 = 4*a. Let g(f) be the second derivative of -3 + 1/2*f**2 + 1/2*f**3 - f. Calculate g(m).
-2
Let h(c) = 2*c**2 + 10*c**3 - 11*c**3 + 9*c + 11 - 5*c**2 + 0*c**3 - 5*c**2. Give h(-8).
-61
Let z(m) = -5*m + 9. Let u(f) = f. Suppose -5*v + 51 = 46. Let i(h) = v*z(h) + 3*u(h). What is i(6)?
-3
L